it of 76566?
6
What is the tens digit of 10676?
7
What is the thousands digit of 1117?
1
What is the tens digit of 2375?
7
What is the tens digit of 14399?
9
What is the tens digit of 2731?
3
What is the units digit of 1821?
1
What is the units digit of 75540?
0
What is the hundreds digit of 1467?
4
What is the thousands digit of 9911?
9
What is the hundreds digit of 3248?
2
What is the tens digit of 430?
3
What is the thousands digit of 54325?
4
What is the tens digit of 3029?
2
What is the units digit of 4475?
5
What is the units digit of 19644?
4
What is the tens digit of 7649?
4
What is the ten thousands digit of 11092?
1
What is the hundreds digit of 15709?
7
What is the tens digit of 46628?
2
What is the hundreds digit of 1246?
2
What is the units digit of 276?
6
What is the tens digit of 80211?
1
What is the hundreds digit of 989?
9
What is the tens digit of 944?
4
What is the hundreds digit of 45291?
2
What is the tens digit of 23117?
1
What is the tens digit of 576?
7
What is the hundreds digit of 959?
9
What is the ten thousands digit of 29687?
2
What is the hundreds digit of 695?
6
What is the hundreds digit of 5401?
4
What is the thousands digit of 3843?
3
What is the units digit of 95808?
8
What is the thousands digit of 44324?
4
What is the tens digit of 772?
7
What is the thousands digit of 2340?
2
What is the units digit of 112132?
2
What is the tens digit of 20064?
6
What is the hundreds digit of 12374?
3
What is the tens digit of 81571?
7
What is the hundreds digit of 49505?
5
What is the hundreds digit of 20851?
8
What is the units digit of 7540?
0
What is the tens digit of 1620?
2
What is the units digit of 17000?
0
What is the units digit of 269?
9
What is the units digit of 2232?
2
What is the hundreds digit of 8696?
6
What is the hundreds digit of 17667?
6
What is the hundreds digit of 485?
4
What is the units digit of 20801?
1
What is the tens digit of 577?
7
What is the hundreds digit of 2458?
4
What is the thousands digit of 4327?
4
What is the units digit of 1104?
4
What is the units digit of 19089?
9
What is the hundreds digit of 4140?
1
What is the thousands digit of 101211?
1
What is the hundreds digit of 739?
7
What is the units digit of 79413?
3
What is the units digit of 11429?
9
What is the thousands digit of 1074?
1
What is the thousands digit of 5316?
5
What is the units digit of 6732?
2
What is the hundreds digit of 5844?
8
What is the thousands digit of 25410?
5
What is the thousands digit of 12375?
2
What is the thousands digit of 6271?
6
What is the hundreds digit of 5587?
5
What is the tens digit of 14319?
1
What is the units digit of 840?
0
What is the hundreds digit of 37128?
1
What is the hundreds digit of 11006?
0
What is the tens digit of 10268?
6
What is the tens digit of 2465?
6
What is the units digit of 2270?
0
What is the units digit of 8074?
4
What is the tens digit of 2295?
9
What is the thousands digit of 38749?
8
What is the tens digit of 1835?
3
What is the thousands digit of 18162?
8
What is the tens digit of 31885?
8
What is the thousands digit of 68882?
8
What is the units digit of 2460?
0
What is the hundreds digit of 6468?
4
What is the tens digit of 1123?
2
What is the units digit of 101564?
4
What is the tens digit of 6144?
4
What is the hundred thousands digit of 157496?
1
What is the ten thousands digit of 57339?
5
What is the hundreds digit of 4784?
7
What is the hundreds digit of 4566?
5
What is the thousands digit of 47890?
7
What is the thousands digit of 77119?
7
What is the thousands digit of 9834?
9
What is the tens digit of 938?
3
What is the thousands digit of 1926?
1
What is the thousands digit of 5965?
5
What is the hundreds digit of 6166?
1
What is the thousands digit of 3551?
3
What is the tens digit of 43405?
0
What is the units digit of 251?
1
What is the tens digit of 1469?
6
What is the tens digit of 2519?
1
What is the hundreds digit of 955?
9
What is the units digit of 42?
2
What is the hundreds digit of 63355?
3
What is the thousands digit of 17786?
7
What is the thousands digit of 7926?
7
What is the hundreds digit of 493?
4
What is the tens digit of 45366?
6
What is the thousands digit of 3601?
3
What is the hundreds digit of 1007?
0
What is the thousands digit of 64499?
4
What is the ten thousands digit of 73126?
7
What is the hundreds digit of 30055?
0
What is the units digit of 804?
4
What is the units digit of 1385?
5
What is the tens digit of 369?
6
What is the units digit of 4990?
0
What is the tens digit of 92?
9
What is the tens digit of 29771?
7
What is the tens digit of 15210?
1
What is the hundreds digit of 2911?
9
What is the ten thousands digit of 10216?
1
What is the units digit of 1853?
3
What is the ten thousands digit of 57988?
5
What is the tens digit of 1210?
1
What is the tens digit of 65949?
4
What is the tens digit of 745?
4
What is the hundreds digit of 5909?
9
What is the hundreds digit of 3615?
6
What is the units digit of 7895?
5
What is the thousands digit of 2635?
2
What is the hundreds digit of 3099?
0
What is the tens digit of 8916?
1
What is the thousands digit of 12087?
2
What is the hundreds digit of 9497?
4
What is the hundreds digit of 3189?
1
What is the units digit of 571?
1
What is the tens digit of 53005?
0
What is the thousands digit of 38315?
8
What is the hundreds digit of 3778?
7
What is the hundreds digit of 964?
9
What is the tens digit of 43466?
6
What is the units digit of 28770?
0
What is the hundreds digit of 1928?
9
What is the units digit of 1856?
6
What is the units digit of 2076?
6
What is the tens digit of 588?
8
What is the hundreds digit of 90706?
7
What is the ten thousands digit of 105488?
0
What is the hundreds digit of 2331?
3
What is the thousands digit of 8943?
8
What is the units digit of 83248?
8
What is the units digit of 2921?
1
What is the hundreds digit of 8935?
9
What is the units digit of 3557?
7
What is the hundreds digit of 41427?
4
What is the tens digit of 45914?
1
What is the thousands digit of 1776?
1
What is the tens digit of 34708?
0
What is the thousands digit of 2001?
2
What is the units digit of 2709?
9
What is the ten thousands digit of 10092?
1
What is the units digit of 3620?
0
What is the units digit of 60?
0
What is the tens digit of 26210?
1
What is the units digit of 993?
3
What is the units digit of 18121?
1
What is the tens digit of 302?
0
What is the tens digit of 24551?
5
What is the tens digit of 47626?
2
What is the tens digit of 1954?
5
What is the tens digit of 30557?
5
What is the units digit of 21643?
3
What is the hundreds digit of 33962?
9
What is the thousands digit of 2294?
2
What is the tens digit of 149?
4
What is the tens digit of 73524?
2
What is the thousands digit of 3876?
3
What is the units digit of 1949?
9
What is the thousands digit of 1925?
1
What is the hundreds digit of 19627?
6
What is the units digit of 98386?
6
What is the units digit of 2662?
2
What is the units digit of 480?
0
What is the units digit of 234?
4
What is the tens digit of 1231?
3
What is the thousands digit of 3630?
3
What is the thousands digit of 14983?
4
What is the units digit of 26194?
4
What is the hundreds digit of 744?
7
What is the thousands digit of 4597?
4
What is the units digit of 18741?
1
What is the tens digit of 5548?
4
What is the ten thousands digit of 12205?
1
What is the units digit of 4315?
5
What is the tens digit of 48?
4
What is the hundreds digit of 1422?
4
What is the units digit of 2547?
7
What is the tens digit of 11244?
4
What is the hundreds digit of 7553?
5
What is the units digit of 978?
8
What is the tens digit of 96690?
9
What is the tens digit of 45528?
2
What is the units digit of 1233?
3
What is the units digit of 700?
0
What is the thousands digit of 10529?
0
What is the thousands digit of 1367?
1
What is the ten thousands digit of 20598?
2
What is the units digit of 108464?
4
What is the hundreds digit of 6943?
9
What is the units digit of 27379?
9
What is the ten thousands digit of 12497?
1
What is the ten thousands digit of 16108?
1
What is the thousands digit of 9464?
9
What is the tens digit of 584?
8
What is the hundreds digit of 8073?
0
What is the ten thousands digit of 110400?
1
What is the tens digit of 1956?
5
What is the t